etermine l(4).
-3
Let w(h) = -21*h + 21. Let x be w(0). Suppose -2*y - 2*b = -x - 5, -5*y - 3*b + 63 = 0. Let n(m) = m**2 - 13*m + 5. Give n(y).
-7
Let b(t) = -t**2 + 13*t + 4. Let y(d) = -d**2 + 12*d + 3. Let o(r) = 2*b(r) - 3*y(r). Let x = -991 + 1002. Determine o(x).
10
Let g(z) = z**3 + 2*z**2 - z + 3. Let a be (-303)/2 + 36/24. Let r = a + 147. What is g(r)?
-3
Let y(z) = -z**2 - 4*z + 1. Let d = -31 - -38. Suppose r = -5, -2*x - 5*r = -d*r - 4. Determine y(x).
4
Let m(h) = 5*h**2 + 41*h + 16. Let i = 919 - 926. Give m(i).
-26
Let z(f) be the first derivative of -4*f**2 - 24*f + 973. Give z(-7).
32
Let k(o) = 2*o**2 + 77*o - 109. Suppose -3*h + 3*m - 138 = 0, -188 = 5*h - 4*m + 36. What is k(h)?
11
Let f(h) be the second derivative of -h**3/3 + h**2/2 - 897*h. Calculate f(-3).
7
Suppose -7 = -5*y - 27. Suppose 3*o - 25 = 2*k, 6*o + 5 = 4*o - 3*k. Let i(p) = 2 + o*p - 3 - 5 + 4 + 2*p**2. Determine i(y).
10
Let y(d) = -109*d + 7. Let z(t) = -12*t + 1. Let f(g) = -4*y(g) + 36*z(g). Let a be (-4)/(2 - 4) + -13. Give f(a).
-36
Suppose -359*s - 306 = -393*s. Let a(r) = -4*r + 49. Calculate a(s).
13
Let u(g) be the first derivative of -g**3/3 - 11*g**2/2 + 8*g + 16954. Let j(b) = b**3 + 2*b**2 - 1. Let q be j(-3). Calculate u(q).
18
Let v = -721 - -754. Suppose -146 = v*u + 52. Let n(w) = -w**3 - 7*w**2 - 3*w + 14. What is n(u)?
-4
Let j(f) be the third derivative of -1/6*f**4 + 7/60*f**5 - 2*f - 1/2*f**3 - 1/120*f**6 + 0 - 6*f**2. Calculate j(5).
27
Let p be -3*(4/(-8))/((-6)/(-4)). Let n(o) = 2*o**2 - 4. Let u be n(-3). Let r(q) = -q + 0*q**2 - 3*q**2 + u*q**2. Give r(p).
10
Suppose 4*g = 136*m - 134*m - 54, 82 = 4*m - 6*g. Let y(s) = 12*s - 2. Let c(i) = 25*i - 4. Let p(n) = -3*c(n) + 7*y(n). Give p(m).
7
Let o(a) = -a**2 + 8*a + 9. Let r be 5*-2*(-1 - 345/50). Suppose -r = -2*m - 63. Determine o(m).
9
Let h be (-5)/((-5)/3) - 6/(-42)*0. Let k(p) be the first derivative of -1/3*p**h + 4 + 3*p**2 + 2*p. What is k(5)?
7
Suppose -381 = 30*w - 261. Let c(y) = 3*y + 2. Let d(l) = -4*l - 3. Let o(t) = 3*c(t) + 2*d(t). Calculate o(w).
-4
Let v(u) = u**2 - 10*u. Let r(s) = 3*s**2 - 31*s + 1. Let f(t) = 4*r(t) - 11*v(t). Let i be f(14). Let z(l) = i*l**2 - 5*l**2 + 77 - 5*l - 76. Determine z(-6).
-5
Let w(l) = 3*l**3 - 3*l**2 - 3*l - 2. Let p(u) = 2*u**3 - 2*u**2 - 2*u - 1. Let k(h) = -7*p(h) + 4*w(h). Suppose -2*i - 2*q + 10 = 0, -4*q + 6 = -6. Give k(i).
-5
Let n(i) be the second derivative of 23*i**4/12 - i**3/3 - i**2/2 - 35*i. Let z be n(1). Let p be (0 - 1)*1*(z + -20). Let j(q) = -q**2 - q. Give j(p).
0
Let y(w) = 8*w**2 - w. Suppose -3*b + n - 6*n - 14 = 0, n = 4*b - 12. Suppose b*k = -0*k + 10. Let s(u) = 8*u**2 - u. Let o(f) = k*s(f) - 6*y(f). What is o(1)?
-7
Suppose 0 = -3*m - 27 + 99. Let x(c) = -40 + 65 - m - 5*c. Let z be 1/(-1) + 2 + -2. Give x(z).
6
Let m(d) = -d**2 + d. Suppose -t - 40 = -5*v, -2*v = -7*v + 4*t + 55. Let o(j) = -4*j**2 + 4*j + 1. Let f(a) = v*m(a) - 2*o(a). Determine f(2).
0
Let a = 63 + -58. Suppose -a*b - 15 = -25. Let i(g) = -2 + 5*g - 16*g**3 + g**b + 9*g**3 + 8*g**3 - 3*g. Determine i(-3).
-26
Let j(b) = -b**3 + 4*b**2 + b - 1. Let q(k) = 48 - 48 + k. Suppose 28 - 24 = -4*y. Let g(m) = y*q(m) + j(m). Give g(2).
7
Let u(c) be the first derivative of 2*c**3/3 - 3*c**2/2 - 4*c - 1754. Calculate u(4).
16
Let b(z) = -z**3 + 8*z**2 - 8*z - 3. Let o(h) = 2. Suppose 2*p + 5 = -3*i, 4*p + 25 = 5*i - p. Let g(s) = i*b(s) + 3*o(s). Determine g(7).
-4
Let n(k) = 40*k - 687. Let j be n(17). Let t(w) = -11*w - 26. Let p(b) = -6*b + 3*b - 5*b - 17. Let i(v) = j*p(v) + 5*t(v). What is i(7)?
-4
Let l(v) be the third derivative of 11*v**5/60 - v**4/6 + v**3/3 - 1613*v**2. Calculate l(2).
38
Let k(c) = -57*c + 12. Let t be k(-1). Let q(x) = -5*x + 118 - t - x**2 - 44. Determine q(-5).
5
Let x(k) = k**3 - 4*k**2 - 3*k - 7. Let g(l) = 106*l + 1744. Let y be g(-17). Suppose 2*r - 49 = -u + 2*u, -3*r + 153 = -3*u. Let h = u - y. Calculate x(h).
3
Let j(w) = -w**3 - 7*w**2 + 10*w - 3. Let v(y) = -2*y**2 + 13*y + 37. Let t(g) = -g + 5. Let p be t(-4). Let d be v(p). Determine j(d).
-19
Let q(c) be the second derivative of -c**4/6 + 26*c**3/3 - 3*c**2 + 748*c + 2. What is q(26)?
-6
Let i(g) = 40*g**2 + 3*g - 2. Let u be i(1). Let x(v) = -u - 5*v**2 - v**3 + 3*v - 4*v + 45. Calculate x(-4).
-8
Suppose -311*x + 156 = -406 - 60. Let i(n) be the third derivative of 0 + 0*n + 7/24*n**4 - n**3 - 14*n**x + 1/60*n**5. Calculate i(-7).
-6
Let c(h) be the third derivative of -5*h**4/6 - 37*h**3/2 - 2*h**2 + 25. Calculate c(-6).
9
Let o(p) = p**3 - p - 5. Let d(i) = i**3 - i - 5. Let f(l) = -4*d(l) + 3*o(l). Let x be f(0). Let b(s) = -s**3 + 5*s**2 + 1. What is b(x)?
1
Let b(f) be the second derivative of f**3/2 + 9*f**2/2 - 822*f. What is b(-7)?
-12
Let a(l) = 8 + 16 - 16 + 7*l**2 - 3*l. Let f be a(3). Let s(w) = 2*w**2 - f - 2*w + 3*w - w**2 + 46. Calculate s(0).
-16
Let z(o) = o**2 - 11*o + 14. Let v be z(10). Let f(c) = v*c - 22*c - c**3 + 15*c + 6*c**2 - 2. Determine f(6).
-20
Let f(c) = -5*c. Let k be 3/8 - 39/(-24). Suppose -2*r - 14 = 4*u, 0 = k*u - r - 3*r + 12. Let h(s) = -s - 3. Let t be h(u). Give f(t).
-5
Let m(c) = c**2 - 8*c - 7. Suppose o - 2 = -5*j + 2*j, j - 46 = -3*o. Let q be 5/(-10)*o + 9/6. Let i(s) = 7*s + 57. Let l be i(q). Determine m(l).
-7
Let i(d) = d**3 - 11*d**2 + 27*d - 1. Let k be ((-35)/10)/(((-5)/15)/(4/6)). Calculate i(k).
-8
Let f(q) be the first derivative of -q**3/3 + 4*q**2 + 17*q + 921. Calculate f(9).
8
Let l be 2/12 + ((-368)/56)/(84/(-49)). Let i(k) = 9*k - 1. Let t(r) = r - 1. Let s(g) = -i(g) + 6*t(g). Determine s(l).
-17
Let l(g) be the third derivative of -1/120*g**6 + 0*g + 1/30*g**5 + 5/24*g**4 + 236*g**2 + 0 - 2/3*g**3. Determine l(3).
2
Let a(p) = -59 - 105 + 179 - 43 - 9*p - 148. Give a(-19).
-5
Let o(l) be the first derivative of l**4/4 - 4*l**3/3 + 2*l**2 - 6*l - 5. Let v = -45 - -53. Suppose 0 = -v*c + 7*c + 4. Determine o(c).
10
Let s be -7 - (-6 + (9 - 12)). Suppose 0 = y - 3*y + 12. Let v(f) = 5. Let g(p) = -p + 11. Let q(i) = y*g(i) - 13*v(i). What is q(s)?
-11
Let j be 2/(16/(-18))*(-8)/(-6). Let z(h) be the second derivative of -h**4/12 - 5*h**3/6 - 2*h**2 + h. Calculate z(j).
2
Let c be 42/(-35)*(-45)/(-6). Let v(o) = -o - 1. Let x(w) = 2*w. Let a(k) = -2*v(k) - 2*x(k). Give a(c).
20
Let t be 6/(-7 + 1) + 21. Suppose 0 = -c - 9*c - t. Let z(y) = 5*y + 4. Determine z(c).
-6
Suppose j - 48 = 6. Let l = 53 - j. Let u(w) = 3*w**3 + 2*w**2 - 1. Determine u(l).
-2
Let q be 7 - -2 - (-13 - (8 + -26)). Suppose q*y = 6 + 18. Let z(t) = t**2 - 4*t - 7. Determine z(y).
5
Suppose 9*q = 4*p + 15, -2*p = -5*q + 2*p + 19. Let x(n) = n**3 + 4*n**2 - n - 2. Determine x(q).
2
Let j(s) = -27*s - 34. Let z(b) = -74*b + 2959. Let u be z(40). What is j(u)?
-7
Suppose -2 + 5 = 3*c, 2*c + 10 = 4*h. Let g(k) = 4*k**2 + 2*k + h*k**2 - 12 + 16 - 10*k**2 + 5*k**2. Determine g(0).
4
Let t(i) = 6*i**3 + 2*i + 3. Let k(v) = 2*v + 4 + 3*v**3 + 11*v**3 - 7*v**3 + v. Let j(h) = 4*k(h) - 5*t(h). Let r be 3/(-6) + 40/16. What is j(r)?
-11
Let g(a) = a**3 + 14*a + 833*a**2 + 8 - 5*a - 824*a**2. Let p(h) = 11*h**2 + 3*h + 2. Let w be p(-1). Let s = w + -18. Determine g(s).
0
Suppose 61*q = 65*q - 1192. Let f = q - 291. Let h(s) = -s**3 + 7*s**2 - 3*s + 7. What is h(f)?
-14
Let q(o) be the third derivative of o**6/120 + 3*o**5/20 - 3*o**4/8 - 17*o**3/6 - o**2 - 1433. What is q(-10)?
-27
Suppose 0 = -2*x + 2*r + 2, 5*r - 6 = -4*x + 7. Suppose u - 53 = -4*u - i, -x*u = -5*i - 32. Let b(w) = -w + 12. Calculate b(u).
1
Suppose 94*f + 10 + 12 = 105*f. Let h(m) be the first derivative of 1/4*m**4 + 4*m - 3/2*m**f - 5/3*m**3 + 26. Determine h(6).
22
Suppose -u + 19 = 4*a, a - 6 = u - 0. Let f(o) = -4*o**3 - 2*o**2 - o - 33. Let s(d) = -2*d**3 - 2*d**2 - d - 44. Let n(r) = -4*f(r) + 3*s(r). Calculate n(u).
-9
Let z(d) = d**2 - 18*d + 1. Let r(t) = t + 4. Let a(q) = -6*r(q) - z(q). Calculate a(8).
7
Let n(v) be the third derivative of -v**6/120 - 3*v**5/20 + 3*v**4/8 + 5*v**3/6 + v**2. Let k(y) = 602*y**2 - 2412*y + 6. Let q be k(4). What is n(q)?
15
Suppose 2*h - t = 91, -94 = 4*h - 6*h + 2*t. Let f be 10/8 + (-11)/h. Let q(l) = 4*l**2 + 2*l - 1. Calculate q(f).
5
Let z(a) = -9*a - 9*a + 47*a + 32 - 12*a - 15*a. Give z(-11).
10
